{"id":40,"date":"2017-06-12T18:43:24","date_gmt":"2017-06-12T16:43:24","guid":{"rendered":"https:\/\/www.basketclubs.es\/fuentedecantoscb\/?page_id=40"},"modified":"2017-06-16T11:26:17","modified_gmt":"2017-06-16T09:26:17","slug":"sponsors","status":"publish","type":"page","link":"https:\/\/www.basketclubs.es\/fuentedecantoscb\/sponsors\/","title":{"rendered":"Patrocinadores"},"content":{"rendered":"<p style=\"text-align: justify;\">En este apartado agradecemos a nuestros patrocinadores el esfuerzo que hacen para ayudarnos cada temporada a seguir adelante con nuestro proyecto deportivo. Ellos apuestan por nuestro club y nosotros por los ni\u00f1os y ni\u00f1as de nuestra localidad. Ahora nos toca al resto de ciudadanos de Fuente de Cantos devolver a esas marcas y empresas su ayuda en forma de visitas a sus webs, tiendas, despachos, oficinas, locales\u00a0y sucursales.<\/p>\n<p style=\"text-align: justify;\">En la banda baja de nuestra web, aparecen las im\u00e1genes corporativas o im\u00e1genes de esos patrocinadores y en la banda lateral, las direcciones de sus webs. Entra, b\u00fascalos y contacta con ellos.<\/p>\n<p style=\"text-align: justify;\">Muchas gracias a todos nuestros patrocinadores!!<\/p>\n<h3 style=\"text-align: justify;\"><span style=\"text-decoration: underline;\">LISTADO POR ORDEN DE ANTIG\u00dcEDAD DE NUESTROS PATROCINADORES<\/span><\/h3>\n<ul>\n<li style=\"text-align: justify;\"><strong>ESTUDIO DE ARQUITECTURA LACVNIS. LUIS\u00a0S\u00c1NCHEZ BARBERO.\u00a0ARQUITECTO.<\/strong>\n<ul>\n<li>C\/ Misericordia, n\u00ba: 34. Fuente de Cantos (06240) Badajoz.<\/li>\n<li>M\u00f3vil: 625372485 \/ email: lacvnis@arquinex.es<\/li>\n<\/ul>\n<\/li>\n<li><strong>VG10 INTEGRAL. VICTOR MO\u00d1INO D\u00cdAZ. INGENIERO INDUSTRIAL.<\/strong>\n<ul>\n<li style=\"text-align: justify;\">Pol\u00edgono Industrial Capellan\u00edas. Calle B. Fuente de Cantos (06240) Badajoz.<\/li>\n<li style=\"text-align: justify;\">M\u00f3vil: 647870973\u00a0\/ email: info@vg10.com \/ web: www.vg10.com<\/li>\n<\/ul>\n<\/li>\n<\/ul>\n","protected":false},"excerpt":{"rendered":"<p>En este apartado agradecemos a nuestros patrocinadores el esfuerzo que hacen para ayudarnos cada temporada a seguir adelante con nuestro proyecto deportivo. Ellos apuestan por nuestro club y nosotros por los ni\u00f1os y ni\u00f1as de nuestra localidad. Ahora nos toca al resto de ciudadanos de Fuente de Cantos devolver a esas marcas y empresas su [&hellip;]<\/p>\n","protected":false},"author":47,"featured_media":0,"parent":0,"menu_order":0,"comment_status":"closed","ping_status":"closed","template":"page-templates\/page-sponsors.php","meta":{"footnotes":""},"class_list":["post-40","page","type-page","status-publish","hentry"],"_links":{"self":[{"href":"https:\/\/www.basketclubs.es\/fuentedecantoscb\/wp-json\/wp\/v2\/pages\/40","targetHints":{"allow":["GET"]}}],"collection":[{"href":"https:\/\/www.basketclubs.es\/fuentedecantoscb\/wp-json\/wp\/v2\/pages"}],"about":[{"href":"https:\/\/www.basketclubs.es\/fuentedecantoscb\/wp-json\/wp\/v2\/types\/page"}],"author":[{"embeddable":true,"href":"https:\/\/www.basketclubs.es\/fuentedecantoscb\/wp-json\/wp\/v2\/users\/47"}],"replies":[{"embeddable":true,"href":"https:\/\/www.basketclubs.es\/fuentedecantoscb\/wp-json\/wp\/v2\/comments?post=40"}],"version-history":[{"count":10,"href":"https:\/\/www.basketclubs.es\/fuentedecantoscb\/wp-json\/wp\/v2\/pages\/40\/revisions"}],"predecessor-version":[{"id":261,"href":"https:\/\/www.basketclubs.es\/fuentedecantoscb\/wp-json\/wp\/v2\/pages\/40\/revisions\/261"}],"wp:attachment":[{"href":"https:\/\/www.basketclubs.es\/fuentedecantoscb\/wp-json\/wp\/v2\/media?parent=40"}],"curies":[{"name":"wp","href":"https:\/\/api.w.org\/{rel}","templated":true}]}}