{"id":22,"date":"2017-06-12T19:06:02","date_gmt":"2017-06-12T17:06:02","guid":{"rendered":"https:\/\/www.basketclubs.es\/fuentedecantoscb\/?page_id=22"},"modified":"2018-12-04T22:21:04","modified_gmt":"2018-12-04T20:21:04","slug":"referees","status":"publish","type":"page","link":"https:\/\/www.basketclubs.es\/fuentedecantoscb\/referees\/","title":{"rendered":"Hist\u00f3rico de jugadores"},"content":{"rendered":"<p>A continuaci\u00f3n podr\u00e1s ver el listado completo de jugadores que, por temporadas y equipos, han formado parte del Club. Est\u00e1n colocados por orden alfab\u00e9tico. Si quieres ver sus fichas con sus fotos (lo cual seguro que a muchos gustar\u00e1 y a m\u00e1s de uno horrorizar\u00e1), picha sobre el nombre&#8230;. Buen viaje en el tiempo !!!!<\/p>\n<p><span style=\"text-decoration: underline\"><strong>TEMPORADA 2011-12<\/strong><\/span><\/p>\n<ul>\n<li><strong>EQUIPO INFANTIL FEMENINO:<\/strong>\n<ul>\n<li><a href=\"https:\/\/www.basketclubs.es\/fuentedecantoscb\/wp-content\/uploads\/sites\/46\/2017\/06\/20170617094156_00001.jpg\" data-rel=\"lightbox-image-0\" data-rl_title=\"\" data-rl_caption=\"\" title=\"\">ABRIL MORO CARMEN<\/a><\/li>\n<li><a href=\"https:\/\/www.basketclubs.es\/fuentedecantoscb\/wp-content\/uploads\/sites\/46\/2017\/06\/20170617094156_00002.jpg\" data-rel=\"lightbox-image-1\" data-rl_title=\"\" data-rl_caption=\"\" title=\"\">GONZALEZ CARRASCO PAULA<\/a><\/li>\n<li><a href=\"https:\/\/www.basketclubs.es\/fuentedecantoscb\/wp-content\/uploads\/sites\/46\/2017\/06\/20170617094156_00003.jpg\" data-rel=\"lightbox-image-2\" data-rl_title=\"\" data-rl_caption=\"\" title=\"\">MACARRO OSUNA PATRICIA<\/a><\/li>\n<li><a href=\"https:\/\/www.basketclubs.es\/fuentedecantoscb\/wp-content\/uploads\/sites\/46\/2017\/06\/20170617094156_00004.jpg\" data-rel=\"lightbox-image-3\" data-rl_title=\"\" data-rl_caption=\"\" title=\"\">MARTIN ORTEGA MARIA<\/a><\/li>\n<li><a href=\"https:\/\/www.basketclubs.es\/fuentedecantoscb\/wp-content\/uploads\/sites\/46\/2017\/06\/20170617094156_00005.jpg\" data-rel=\"lightbox-image-4\" data-rl_title=\"\" data-rl_caption=\"\" title=\"\">MATAMOROS DOMINGUEZ CARMEN<\/a><\/li>\n<li><a href=\"https:\/\/www.basketclubs.es\/fuentedecantoscb\/wp-content\/uploads\/sites\/46\/2017\/06\/20170617094156_00006.jpg\" data-rel=\"lightbox-image-5\" data-rl_title=\"\" data-rl_caption=\"\" title=\"\">PEREZ MEGIAS ANA BEL\u00c9N<\/a><\/li>\n<li><a href=\"https:\/\/www.basketclubs.es\/fuentedecantoscb\/wp-content\/uploads\/sites\/46\/2017\/06\/20170617094156_00007.jpg\" data-rel=\"lightbox-image-6\" data-rl_title=\"\" data-rl_caption=\"\" title=\"\">REYES S\u00c1NCHEZ ANA<\/a><\/li>\n<li><a href=\"https:\/\/www.basketclubs.es\/fuentedecantoscb\/wp-content\/uploads\/sites\/46\/2017\/06\/20170617094156_00008.jpg\" data-rel=\"lightbox-image-7\" data-rl_title=\"\" data-rl_caption=\"\" title=\"\">SANTOS YERGA RAQUEL<\/a><\/li>\n<li><a href=\"https:\/\/www.basketclubs.es\/fuentedecantoscb\/wp-content\/uploads\/sites\/46\/2017\/06\/20170617094156_00009.jpg\" data-rel=\"lightbox-image-8\" data-rl_title=\"\" data-rl_caption=\"\" title=\"\">TOMILLO MOLINA CARMEN<\/a><\/li>\n<\/ul>\n<\/li>\n<li><strong>EQUIPO CADETE FEMENINO:<\/strong>\n<ul>\n<li><a href=\"https:\/\/www.basketclubs.es\/fuentedecantoscb\/wp-content\/uploads\/sites\/46\/2017\/06\/20170616185154_00001-1.jpg\" data-rel=\"lightbox-image-9\" data-rl_title=\"\" data-rl_caption=\"\" title=\"\">ABADIN CALAF XENIA<\/a><\/li>\n<li><a href=\"https:\/\/www.basketclubs.es\/fuentedecantoscb\/wp-content\/uploads\/sites\/46\/2017\/06\/20170616185154_00002.jpg\" data-rel=\"lightbox-image-10\" data-rl_title=\"\" data-rl_caption=\"\" title=\"\">GARCIA NAVARRO MARTA<\/a><\/li>\n<li><a href=\"https:\/\/www.basketclubs.es\/fuentedecantoscb\/wp-content\/uploads\/sites\/46\/2017\/06\/20170616185154_00003.jpg\" data-rel=\"lightbox-image-11\" data-rl_title=\"\" data-rl_caption=\"\" title=\"\">GARCIA MOLINA MARIA<\/a><\/li>\n<li><a href=\"https:\/\/www.basketclubs.es\/fuentedecantoscb\/wp-content\/uploads\/sites\/46\/2017\/06\/20170616185154_00004.jpg\" data-rel=\"lightbox-image-12\" data-rl_title=\"\" data-rl_caption=\"\" title=\"\">GATO DURAN LEONOR<\/a><\/li>\n<li><a href=\"https:\/\/www.basketclubs.es\/fuentedecantoscb\/wp-content\/uploads\/sites\/46\/2017\/06\/20170616185154_00005.jpg\" data-rel=\"lightbox-image-13\" data-rl_title=\"\" data-rl_caption=\"\" title=\"\">HOLM BERNAL ELENA<\/a><\/li>\n<li><a href=\"https:\/\/www.basketclubs.es\/fuentedecantoscb\/wp-content\/uploads\/sites\/46\/2017\/06\/20170616185154_00006.jpg\" data-rel=\"lightbox-image-14\" data-rl_title=\"\" data-rl_caption=\"\" title=\"\">IGLESIAS BORREGO LAURA<\/a><\/li>\n<li><a href=\"https:\/\/www.basketclubs.es\/fuentedecantoscb\/wp-content\/uploads\/sites\/46\/2017\/06\/20170616185154_00007.jpg\" data-rel=\"lightbox-image-15\" data-rl_title=\"\" data-rl_caption=\"\" title=\"\">IGLESIAS GARROTE GUADALUPE<\/a><\/li>\n<li><a href=\"https:\/\/www.basketclubs.es\/fuentedecantoscb\/wp-content\/uploads\/sites\/46\/2017\/06\/20170616185154_00008.jpg\" data-rel=\"lightbox-image-16\" data-rl_title=\"\" data-rl_caption=\"\" title=\"\">MAYOR LORA CRISTINA<\/a><\/li>\n<li><a href=\"https:\/\/www.basketclubs.es\/fuentedecantoscb\/wp-content\/uploads\/sites\/46\/2017\/06\/20170616185154_00009.jpg\" data-rel=\"lightbox-image-17\" data-rl_title=\"\" data-rl_caption=\"\" title=\"\">PORRINO GONZ\u00c1LEZ ARANCHA<\/a><\/li>\n<li><a href=\"https:\/\/www.basketclubs.es\/fuentedecantoscb\/wp-content\/uploads\/sites\/46\/2017\/06\/20170616185154_00010.jpg\" data-rel=\"lightbox-image-18\" data-rl_title=\"\" data-rl_caption=\"\" title=\"\">ROBUSTILLO NAVARRO MARIA<\/a><\/li>\n<li><a href=\"https:\/\/www.basketclubs.es\/fuentedecantoscb\/wp-content\/uploads\/sites\/46\/2017\/06\/20170616185154_00011.jpg\" data-rel=\"lightbox-image-19\" data-rl_title=\"\" data-rl_caption=\"\" title=\"\">SANTOS YERGA ANDREA<\/a><\/li>\n<li><a href=\"https:\/\/www.basketclubs.es\/fuentedecantoscb\/wp-content\/uploads\/sites\/46\/2017\/06\/20170616185154_00012.jpg\" data-rel=\"lightbox-image-20\" data-rl_title=\"\" data-rl_caption=\"\" title=\"\">SILES DURAN CARLA<\/a><\/li>\n<li><a href=\"https:\/\/www.basketclubs.es\/fuentedecantoscb\/wp-content\/uploads\/sites\/46\/2017\/06\/20170616185154_00013.jpg\" data-rel=\"lightbox-image-21\" data-rl_title=\"\" data-rl_caption=\"\" title=\"\">VAZQUEZ ORTIZ PILAR<\/a>\n<ul>\n<li><a href=\"https:\/\/www.basketclubs.es\/fuentedecantoscb\/wp-content\/uploads\/sites\/46\/2017\/06\/20170617094156_00002.jpg\" data-rel=\"lightbox-image-22\" data-rl_title=\"\" data-rl_caption=\"\" title=\"\">REFUERZO INFANTIL: GONZ\u00c1LEZ CARRASCO PAULA<\/a><\/li>\n<li><a href=\"https:\/\/www.basketclubs.es\/fuentedecantoscb\/wp-content\/uploads\/sites\/46\/2017\/06\/20170617094156_00008.jpg\" data-rel=\"lightbox-image-23\" data-rl_title=\"\" data-rl_caption=\"\" title=\"\">REFUERZO INFANTIL: SANTOS YERGA RAQUEL<\/a><\/li>\n<\/ul>\n<\/li>\n<\/ul>\n<\/li>\n<li><strong>EQUIPO JUNIOR FEMENINO:<\/strong>\n<ul>\n<li><a href=\"https:\/\/www.basketclubs.es\/fuentedecantoscb\/wp-content\/uploads\/sites\/46\/2017\/06\/20170617094032_00001.jpg\" data-rel=\"lightbox-image-24\" data-rl_title=\"\" data-rl_caption=\"\" title=\"\">LEDESMA MONTA\u00d1O F\u00c1TIMA<\/a><\/li>\n<li><a href=\"https:\/\/www.basketclubs.es\/fuentedecantoscb\/wp-content\/uploads\/sites\/46\/2017\/06\/20170617094032_00002.jpg\" data-rel=\"lightbox-image-25\" data-rl_title=\"\" data-rl_caption=\"\" title=\"\">NISA OLIVERA SANDRA<\/a><\/li>\n<li><a href=\"https:\/\/www.basketclubs.es\/fuentedecantoscb\/wp-content\/uploads\/sites\/46\/2017\/06\/20170617094032_00003.jpg\" data-rel=\"lightbox-image-26\" data-rl_title=\"\" data-rl_caption=\"\" title=\"\">SANCHO VELASCO MARIA JESUS<\/a><\/li>\n<li><a href=\"https:\/\/www.basketclubs.es\/fuentedecantoscb\/wp-content\/uploads\/sites\/46\/2017\/06\/20170617094032_00004.jpg\" data-rel=\"lightbox-image-27\" data-rl_title=\"\" data-rl_caption=\"\" title=\"\">SU\u00c1REZ N\u00da\u00d1EZ ANA<\/a><\/li>\n<li><a href=\"https:\/\/www.basketclubs.es\/fuentedecantoscb\/wp-content\/uploads\/sites\/46\/2017\/06\/20170617094032_00005.jpg\" data-rel=\"lightbox-image-28\" data-rl_title=\"\" data-rl_caption=\"\" title=\"\">V\u00c1ZQUEZ MART\u00cdN JARA<\/a><\/li>\n<li><a href=\"http:\/\/V\">V\u00c1ZQUEZ N\u00da\u00d1EZ MIRIAM<\/a>\n<ul>\n<li><a href=\"https:\/\/www.basketclubs.es\/fuentedecantoscb\/wp-content\/uploads\/sites\/46\/2017\/06\/20170616185154_00001-1.jpg\" data-rel=\"lightbox-image-29\" data-rl_title=\"\" data-rl_caption=\"\" title=\"\">REFUERZO CADETE: ABADIN CALAF XENIA<\/a><\/li>\n<li><a href=\"https:\/\/www.basketclubs.es\/fuentedecantoscb\/wp-content\/uploads\/sites\/46\/2017\/06\/20170616185154_00002.jpg\" data-rel=\"lightbox-image-30\" data-rl_title=\"\" data-rl_caption=\"\" title=\"\">REFUERZO CADETE: GARC\u00cdA NAVARRO MARTA<\/a><\/li>\n<li><a href=\"https:\/\/www.basketclubs.es\/fuentedecantoscb\/wp-content\/uploads\/sites\/46\/2017\/06\/20170616185154_00013.jpg\" data-rel=\"lightbox-image-31\" data-rl_title=\"\" data-rl_caption=\"\" title=\"\">REFUERZO CADETE: V\u00c1ZQUEZ ORTIZ PILAR<\/a><\/li>\n<\/ul>\n<\/li>\n<\/ul>\n<\/li>\n<\/ul>\n<p><span style=\"text-decoration: underline\"><strong>TEMPORADA 2012-13:<\/strong><\/span><\/p>\n<ol>\n<li><strong>EQUIPO INFANTIL FEMENINO:<\/strong>\n<ul>\n<li><a href=\"https:\/\/www.basketclubs.es\/fuentedecantoscb\/wp-content\/uploads\/sites\/46\/2017\/06\/20170617105038_00001.jpg\" data-rel=\"lightbox-image-32\" data-rl_title=\"\" data-rl_caption=\"\" title=\"\">CARMONA GUTI\u00c9RREZ VICTORIA<\/a><\/li>\n<li><a href=\"https:\/\/www.basketclubs.es\/fuentedecantoscb\/wp-content\/uploads\/sites\/46\/2017\/06\/20170617105038_00002.jpg\" data-rel=\"lightbox-image-33\" data-rl_title=\"\" data-rl_caption=\"\" title=\"\">MACARRO OSUNA PATRICIA<\/a><\/li>\n<li><a href=\"https:\/\/www.basketclubs.es\/fuentedecantoscb\/wp-content\/uploads\/sites\/46\/2017\/06\/20170617105038_00003.jpg\" data-rel=\"lightbox-image-34\" data-rl_title=\"\" data-rl_caption=\"\" title=\"\">MATAMOROS DOM\u00cdNGUEZ CARMEN<\/a><\/li>\n<li><a href=\"https:\/\/www.basketclubs.es\/fuentedecantoscb\/wp-content\/uploads\/sites\/46\/2017\/06\/20170617105038_00004.jpg\" data-rel=\"lightbox-image-35\" data-rl_title=\"\" data-rl_caption=\"\" title=\"\">PAJAR\u00d3N ABAD\u00cdN ELENA<\/a><\/li>\n<li><a href=\"https:\/\/www.basketclubs.es\/fuentedecantoscb\/wp-content\/uploads\/sites\/46\/2017\/06\/20170617105038_00005.jpg\" data-rel=\"lightbox-image-36\" data-rl_title=\"\" data-rl_caption=\"\" title=\"\">RISCO AGUZA \u00c1NGELA<\/a><\/li>\n<li><a href=\"https:\/\/www.basketclubs.es\/fuentedecantoscb\/wp-content\/uploads\/sites\/46\/2017\/06\/20170617105038_00006.jpg\" data-rel=\"lightbox-image-37\" data-rl_title=\"\" data-rl_caption=\"\" title=\"\">RISCO AGUZA IRENE<\/a><\/li>\n<li><a href=\"https:\/\/www.basketclubs.es\/fuentedecantoscb\/wp-content\/uploads\/sites\/46\/2017\/06\/20170617105038_00007.jpg\" data-rel=\"lightbox-image-38\" data-rl_title=\"\" data-rl_caption=\"\" title=\"\">ROBLES HIERRO LAURA<\/a><\/li>\n<li><a href=\"https:\/\/www.basketclubs.es\/fuentedecantoscb\/wp-content\/uploads\/sites\/46\/2017\/06\/20170617105038_00008.jpg\" data-rel=\"lightbox-image-39\" data-rl_title=\"\" data-rl_caption=\"\" title=\"\">ROJAS ACOSTA CLARA<\/a><\/li>\n<li><a href=\"https:\/\/www.basketclubs.es\/fuentedecantoscb\/wp-content\/uploads\/sites\/46\/2017\/06\/20170617105038_00009.jpg\" data-rel=\"lightbox-image-40\" data-rl_title=\"\" data-rl_caption=\"\" title=\"\">TOMILLO MOLINA CARMEN<\/a><\/li>\n<li><a href=\"https:\/\/www.basketclubs.es\/fuentedecantoscb\/wp-content\/uploads\/sites\/46\/2017\/06\/20170617105038_00010.jpg\" data-rel=\"lightbox-image-41\" data-rl_title=\"\" data-rl_caption=\"\" title=\"\">TRIGO BORREGO MAR\u00cdA<\/a><\/li>\n<li><a href=\"https:\/\/www.basketclubs.es\/fuentedecantoscb\/wp-content\/uploads\/sites\/46\/2017\/06\/20170617105038_00011.jpg\" data-rel=\"lightbox-image-42\" data-rl_title=\"\" data-rl_caption=\"\" title=\"\">VALIENTE ABRIL ANDREA<\/a><\/li>\n<\/ul>\n<\/li>\n<li><strong>EQUIPO CADETE FEMENINO:<\/strong>\n<ul>\n<li><a href=\"https:\/\/www.basketclubs.es\/fuentedecantoscb\/wp-content\/uploads\/sites\/46\/2017\/06\/20170617110654_00001.jpg\" data-rel=\"lightbox-image-43\" data-rl_title=\"\" data-rl_caption=\"\" title=\"\">ABRIL MORO CARMEN<\/a><\/li>\n<li><a href=\"https:\/\/www.basketclubs.es\/fuentedecantoscb\/wp-content\/uploads\/sites\/46\/2017\/06\/20170617110654_00002.jpg\" data-rel=\"lightbox-image-44\" data-rl_title=\"\" data-rl_caption=\"\" title=\"\">GARCIA MOLINA MARIA<\/a><\/li>\n<li><a href=\"https:\/\/www.basketclubs.es\/fuentedecantoscb\/wp-content\/uploads\/sites\/46\/2017\/06\/20170617110654_00003.jpg\" data-rel=\"lightbox-image-45\" data-rl_title=\"\" data-rl_caption=\"\" title=\"\">GATO DUR\u00c1N LEONOR<\/a><\/li>\n<li><a href=\"https:\/\/www.basketclubs.es\/fuentedecantoscb\/wp-content\/uploads\/sites\/46\/2017\/06\/20170617110654_00004.jpg\" data-rel=\"lightbox-image-46\" data-rl_title=\"\" data-rl_caption=\"\" title=\"\">GONZ\u00c1LEZ CARRASCO PAULA<\/a><\/li>\n<li><a href=\"https:\/\/www.basketclubs.es\/fuentedecantoscb\/wp-content\/uploads\/sites\/46\/2017\/06\/20170617110654_00005.jpg\" data-rel=\"lightbox-image-47\" data-rl_title=\"\" data-rl_caption=\"\" title=\"\">G\u00d3MEZ S\u00c1NCHEZ MAR\u00cdA JOS\u00c9<\/a><\/li>\n<li><a href=\"https:\/\/www.basketclubs.es\/fuentedecantoscb\/wp-content\/uploads\/sites\/46\/2017\/06\/20170617110654_00006.jpg\" data-rel=\"lightbox-image-48\" data-rl_title=\"\" data-rl_caption=\"\" title=\"\">MAYOR LORA CRISTINA<\/a><\/li>\n<li><a href=\"https:\/\/www.basketclubs.es\/fuentedecantoscb\/wp-content\/uploads\/sites\/46\/2017\/06\/20170617110654_00007.jpg\" data-rel=\"lightbox-image-49\" data-rl_title=\"\" data-rl_caption=\"\" title=\"\">P\u00c9REZ MEG\u00cdAS ANA BEL\u00c9N<\/a><\/li>\n<li><a href=\"https:\/\/www.basketclubs.es\/fuentedecantoscb\/wp-content\/uploads\/sites\/46\/2017\/06\/20170617110654_00008.jpg\" data-rel=\"lightbox-image-50\" data-rl_title=\"\" data-rl_caption=\"\" title=\"\">REYES CORT\u00c9S MARIA CAMILA<\/a><\/li>\n<li><a href=\"https:\/\/www.basketclubs.es\/fuentedecantoscb\/wp-content\/uploads\/sites\/46\/2017\/06\/20170617110654_00009.jpg\" data-rel=\"lightbox-image-51\" data-rl_title=\"\" data-rl_caption=\"\" title=\"\">SANTOS YERGA ANDREA<\/a><\/li>\n<li><a href=\"https:\/\/www.basketclubs.es\/fuentedecantoscb\/wp-content\/uploads\/sites\/46\/2017\/06\/20170617110654_00010.jpg\" data-rel=\"lightbox-image-52\" data-rl_title=\"\" data-rl_caption=\"\" title=\"\">SANTOS YERGA RAQUEL<\/a><\/li>\n<li><a href=\"https:\/\/www.basketclubs.es\/fuentedecantoscb\/wp-content\/uploads\/sites\/46\/2017\/06\/20170617110654_00011.jpg\" data-rel=\"lightbox-image-53\" data-rl_title=\"\" data-rl_caption=\"\" title=\"\">SILES DUR\u00c1N CARLA<\/a><\/li>\n<li><a href=\"https:\/\/www.basketclubs.es\/fuentedecantoscb\/wp-content\/uploads\/sites\/46\/2017\/06\/20170617110654_00012.jpg\" data-rel=\"lightbox-image-54\" data-rl_title=\"\" data-rl_caption=\"\" title=\"\">V\u00c1ZQUEZ ORTIZ PILAR<\/a>\n<ul>\n<li><a href=\"https:\/\/www.basketclubs.es\/fuentedecantoscb\/wp-content\/uploads\/sites\/46\/2017\/06\/20170617105038_00001.jpg\" data-rel=\"lightbox-image-55\" data-rl_title=\"\" data-rl_caption=\"\" title=\"\">REFUERZO INFANTIL: CARMONA GUTI\u00c9RREZ VICTORIA<\/a><\/li>\n<li><a href=\"https:\/\/www.basketclubs.es\/fuentedecantoscb\/wp-content\/uploads\/sites\/46\/2017\/06\/20170617105038_00005.jpg\" data-rel=\"lightbox-image-56\" data-rl_title=\"\" data-rl_caption=\"\" title=\"\">REFUERZO INFANTIL: RISCO AGUZA \u00c1NGELA<\/a><\/li>\n<\/ul>\n<\/li>\n<\/ul>\n<\/li>\n<li><strong>EQUIPO JUNIOR FEMENINO:<\/strong>\n<ul>\n<li><a href=\"https:\/\/www.basketclubs.es\/fuentedecantoscb\/wp-content\/uploads\/sites\/46\/2017\/06\/20170617113455_00001.jpg\" data-rel=\"lightbox-image-57\" data-rl_title=\"\" data-rl_caption=\"\" title=\"\">ABAD\u00cdN CALAF XENIA<\/a><\/li>\n<li><a href=\"https:\/\/www.basketclubs.es\/fuentedecantoscb\/wp-content\/uploads\/sites\/46\/2017\/06\/20170617113455_00002.jpg\" data-rel=\"lightbox-image-58\" data-rl_title=\"\" data-rl_caption=\"\" title=\"\">DISLA EDILI<\/a><\/li>\n<li><a href=\"https:\/\/www.basketclubs.es\/fuentedecantoscb\/wp-content\/uploads\/sites\/46\/2017\/06\/20170617113455_00003.jpg\" data-rel=\"lightbox-image-59\" data-rl_title=\"\" data-rl_caption=\"\" title=\"\">GARC\u00cdA NAVARRO MARTA<\/a><\/li>\n<li><a href=\"https:\/\/www.basketclubs.es\/fuentedecantoscb\/wp-content\/uploads\/sites\/46\/2017\/06\/20170617113455_00004.jpg\" data-rel=\"lightbox-image-60\" data-rl_title=\"\" data-rl_caption=\"\" title=\"\">HOLM BERNAL ELENA<\/a><\/li>\n<li><a href=\"https:\/\/www.basketclubs.es\/fuentedecantoscb\/wp-content\/uploads\/sites\/46\/2017\/06\/20170617113455_00005.jpg\" data-rel=\"lightbox-image-61\" data-rl_title=\"\" data-rl_caption=\"\" title=\"\">LEDESMA MONTA\u00d1O F\u00c1TIMA<\/a><\/li>\n<li><a href=\"https:\/\/www.basketclubs.es\/fuentedecantoscb\/wp-content\/uploads\/sites\/46\/2017\/06\/20170617113455_00006.jpg\" data-rel=\"lightbox-image-62\" data-rl_title=\"\" data-rl_caption=\"\" title=\"\">NISA OLIVERA SANDRA<\/a><\/li>\n<li><a href=\"https:\/\/www.basketclubs.es\/fuentedecantoscb\/wp-content\/uploads\/sites\/46\/2017\/06\/20170617113455_00007.jpg\" data-rel=\"lightbox-image-63\" data-rl_title=\"\" data-rl_caption=\"\" title=\"\">PORRINO GONZ\u00c1LEZ ARANCHA<\/a><\/li>\n<li><a href=\"https:\/\/www.basketclubs.es\/fuentedecantoscb\/wp-content\/uploads\/sites\/46\/2017\/06\/20170617113455_00008.jpg\" data-rel=\"lightbox-image-64\" data-rl_title=\"\" data-rl_caption=\"\" title=\"\">SANCHO VELASCO MAR\u00cdA JES\u00daS<\/a><\/li>\n<li><a href=\"https:\/\/www.basketclubs.es\/fuentedecantoscb\/wp-content\/uploads\/sites\/46\/2017\/06\/20170617113455_00009.jpg\" data-rel=\"lightbox-image-65\" data-rl_title=\"\" data-rl_caption=\"\" title=\"\">V\u00c1ZQUEZ N\u00da\u00d1EZ MIRIAM<\/a>\n<ul>\n<li><a href=\"https:\/\/www.basketclubs.es\/fuentedecantoscb\/wp-content\/uploads\/sites\/46\/2017\/06\/20170617110654_00004.jpg\" data-rel=\"lightbox-image-66\" data-rl_title=\"\" data-rl_caption=\"\" title=\"\">REFUERZO CADETE: GONZ\u00c1LEZ CARRASCO PAULA<\/a><\/li>\n<li><a href=\"https:\/\/www.basketclubs.es\/fuentedecantoscb\/wp-content\/uploads\/sites\/46\/2017\/06\/20170617110654_00009.jpg\" data-rel=\"lightbox-image-67\" data-rl_title=\"\" data-rl_caption=\"\" title=\"\">REFUERZO CADETE: SANTOS YERGA ANDREA<\/a><\/li>\n<li><a href=\"https:\/\/www.basketclubs.es\/fuentedecantoscb\/wp-content\/uploads\/sites\/46\/2017\/06\/20170617110654_00010.jpg\" data-rel=\"lightbox-image-68\" data-rl_title=\"\" data-rl_caption=\"\" title=\"\">REFUERZO CADETE: SANTOS YERGA RAQUEL<\/a><\/li>\n<li><a href=\"https:\/\/www.basketclubs.es\/fuentedecantoscb\/wp-content\/uploads\/sites\/46\/2017\/06\/20170617110654_00012.jpg\" data-rel=\"lightbox-image-69\" data-rl_title=\"\" data-rl_caption=\"\" title=\"\">REFUERZO CADETE: V\u00c1ZQUEZ ORTIZ PILAR<\/a><\/li>\n<\/ul>\n<\/li>\n<\/ul>\n<\/li>\n<\/ol>\n<p><span style=\"text-decoration: underline\"><strong>TEMPORADA 2015-16<\/strong><\/span><\/p>\n<ol>\n<li><strong>EQUIPO INFANTIL FEMENINO:<\/strong>\n<ul>\n<li><a href=\"https:\/\/www.basketclubs.es\/fuentedecantoscb\/wp-content\/uploads\/sites\/46\/2017\/06\/20170612171437_00005.jpg\" data-rel=\"lightbox-image-70\" data-rl_title=\"\" data-rl_caption=\"\" title=\"\">ABRIL L\u00d3PEZ ANA<\/a><\/li>\n<li><a href=\"https:\/\/www.basketclubs.es\/fuentedecantoscb\/wp-content\/uploads\/sites\/46\/2017\/06\/20170612171437_00010.jpg\" data-rel=\"lightbox-image-71\" data-rl_title=\"\" data-rl_caption=\"\" title=\"\">CRUZ LOZANO CARLA<\/a><\/li>\n<li><a href=\"https:\/\/www.basketclubs.es\/fuentedecantoscb\/wp-content\/uploads\/sites\/46\/2017\/06\/20170612171437_00002.jpg\" data-rel=\"lightbox-image-72\" data-rl_title=\"\" data-rl_caption=\"\" title=\"\">GONZ\u00c1LEZ CARRASCO SILVIA<\/a><\/li>\n<li><a href=\"https:\/\/www.basketclubs.es\/fuentedecantoscb\/wp-content\/uploads\/sites\/46\/2017\/06\/20170612171437_00011.jpg\" data-rel=\"lightbox-image-73\" data-rl_title=\"\" data-rl_caption=\"\" title=\"\">LORENZANA \u00c1LVAREZ CARMEN<\/a><\/li>\n<li><a href=\"https:\/\/www.basketclubs.es\/fuentedecantoscb\/wp-content\/uploads\/sites\/46\/2017\/06\/20170612171437_00001.jpg\" data-rel=\"lightbox-image-74\" data-rl_title=\"\" data-rl_caption=\"\" title=\"\">MACARRO TORRES LUCIA<\/a><\/li>\n<li><a href=\"https:\/\/www.basketclubs.es\/fuentedecantoscb\/wp-content\/uploads\/sites\/46\/2017\/06\/20170612171437_00008.jpg\" data-rel=\"lightbox-image-75\" data-rl_title=\"\" data-rl_caption=\"\" title=\"\">PALACIOS SAB\u00c1N LOLA<\/a><\/li>\n<li><a href=\"https:\/\/www.basketclubs.es\/fuentedecantoscb\/wp-content\/uploads\/sites\/46\/2017\/06\/20170612171437_00004.jpg\" data-rel=\"lightbox-image-76\" data-rl_title=\"\" data-rl_caption=\"\" title=\"\">PORRINO GONZ\u00c1LEZ ARANCHA<\/a><\/li>\n<li><a href=\"https:\/\/www.basketclubs.es\/fuentedecantoscb\/wp-content\/uploads\/sites\/46\/2017\/06\/20170612171437_00003.jpg\" data-rel=\"lightbox-image-77\" data-rl_title=\"\" data-rl_caption=\"\" title=\"\">SABAN MERINO AURORA<\/a>\n<ul>\n<li><a href=\"https:\/\/www.basketclubs.es\/fuentedecantoscb\/wp-content\/uploads\/sites\/46\/2017\/06\/20170612171437_00009.jpg\" data-rel=\"lightbox-image-78\" data-rl_title=\"\" data-rl_caption=\"\" title=\"\">REFUERZO ALEVIN: S\u00c1NCHEZ \u00c1LVAREZ MARTA<\/a><\/li>\n<\/ul>\n<\/li>\n<\/ul>\n<\/li>\n<li><strong>EQUIPO CADETE FEMENINO:<\/strong>\n<ul>\n<li><a href=\"https:\/\/www.basketclubs.es\/fuentedecantoscb\/wp-content\/uploads\/sites\/46\/2017\/06\/20170612181414_00007.jpg\" data-rel=\"lightbox-image-79\" data-rl_title=\"\" data-rl_caption=\"\" title=\"\">DE LA ROSA DOMINGUEZ MARIA<\/a><\/li>\n<li><a href=\"https:\/\/www.basketclubs.es\/fuentedecantoscb\/wp-content\/uploads\/sites\/46\/2017\/06\/20170612181414_00009.jpg\" data-rel=\"lightbox-image-80\" data-rl_title=\"\" data-rl_caption=\"\" title=\"\">DOM\u00cdNGUEZ PARRA CRISTINA<\/a><\/li>\n<li><a href=\"https:\/\/www.basketclubs.es\/fuentedecantoscb\/wp-content\/uploads\/sites\/46\/2017\/06\/20170612181414_00004.jpg\" data-rel=\"lightbox-image-81\" data-rl_title=\"\" data-rl_caption=\"\" title=\"\">DOMINGUEZ P\u00c9REZ MARIA ISABEL<\/a><\/li>\n<li><a href=\"https:\/\/www.basketclubs.es\/fuentedecantoscb\/wp-content\/uploads\/sites\/46\/2017\/06\/20170612181414_00005.jpg\" data-rel=\"lightbox-image-82\" data-rl_title=\"\" data-rl_caption=\"\" title=\"\">ESPINOSA SIMON PILAR<\/a><\/li>\n<li><a href=\"https:\/\/www.basketclubs.es\/fuentedecantoscb\/wp-content\/uploads\/sites\/46\/2017\/06\/20170612181414_00008.jpg\" data-rel=\"lightbox-image-83\" data-rl_title=\"\" data-rl_caption=\"\" title=\"\">MASEDO SU\u00c1REZ PATRICIA<\/a><\/li>\n<li><a href=\"https:\/\/www.basketclubs.es\/fuentedecantoscb\/wp-content\/uploads\/sites\/46\/2017\/06\/20170612181414_00003.jpg\" data-rel=\"lightbox-image-84\" data-rl_title=\"\" data-rl_caption=\"\" title=\"\">RISCO AGUZA ANGELA<\/a><\/li>\n<li><a href=\"https:\/\/www.basketclubs.es\/fuentedecantoscb\/wp-content\/uploads\/sites\/46\/2017\/06\/20170612181414_00001.jpg\" data-rel=\"lightbox-image-85\" data-rl_title=\"\" data-rl_caption=\"\" title=\"\">RODRIGUEZ PARRA VIOLETA<\/a><\/li>\n<li><a href=\"https:\/\/www.basketclubs.es\/fuentedecantoscb\/wp-content\/uploads\/sites\/46\/2017\/06\/20170612181414_00006.jpg\" data-rel=\"lightbox-image-86\" data-rl_title=\"\" data-rl_caption=\"\" title=\"\">SABAN DUARTE CRISTINA<\/a><\/li>\n<li><a href=\"https:\/\/www.basketclubs.es\/fuentedecantoscb\/wp-content\/uploads\/sites\/46\/2017\/06\/20170612181414_00011.jpg\" data-rel=\"lightbox-image-87\" data-rl_title=\"\" data-rl_caption=\"\" title=\"\">TOMILLO MOLINA ISABEL<\/a><\/li>\n<li><a href=\"https:\/\/www.basketclubs.es\/fuentedecantoscb\/wp-content\/uploads\/sites\/46\/2017\/06\/20170612181414_00002.jpg\" data-rel=\"lightbox-image-88\" data-rl_title=\"\" data-rl_caption=\"\" title=\"\">TOMILLO MURILLO NURIA<\/a><\/li>\n<li><a href=\"https:\/\/www.basketclubs.es\/fuentedecantoscb\/wp-content\/uploads\/sites\/46\/2017\/06\/20170612181414_00010.jpg\" data-rel=\"lightbox-image-89\" data-rl_title=\"\" data-rl_caption=\"\" title=\"\">V\u00c1ZQUEZ MASEDO SILVIA<\/a>\n<ul>\n<li><a href=\"https:\/\/www.basketclubs.es\/fuentedecantoscb\/wp-content\/uploads\/sites\/46\/2017\/06\/20170612171437_00011.jpg\" data-rel=\"lightbox-image-90\" data-rl_title=\"\" data-rl_caption=\"\" title=\"\">REFUERZO INFANTIL: LORENZANA \u00c1LVAREZ CARMEN<\/a><\/li>\n<li><a href=\"https:\/\/www.basketclubs.es\/fuentedecantoscb\/wp-content\/uploads\/sites\/46\/2017\/06\/20170612171437_00001.jpg\" data-rel=\"lightbox-image-91\" data-rl_title=\"\" data-rl_caption=\"\" title=\"\">REFUERZO INFANTIL: MACARRO TORRES L UC\u00cdA<\/a><\/li>\n<li><a href=\"https:\/\/www.basketclubs.es\/fuentedecantoscb\/wp-content\/uploads\/sites\/46\/2017\/06\/20170612171437_00008.jpg\" data-rel=\"lightbox-image-92\" data-rl_title=\"\" data-rl_caption=\"\" title=\"\">REFUERZO INFANTIL: PALACIOS SABAN LOLA<\/a><\/li>\n<\/ul>\n<\/li>\n<\/ul>\n<\/li>\n<\/ol>\n<p>&nbsp;<\/p>\n","protected":false},"excerpt":{"rendered":"<p>A continuaci\u00f3n podr\u00e1s ver el listado completo de jugadores que, por temporadas y equipos, han formado parte del Club. Est\u00e1n colocados por orden alfab\u00e9tico. Si quieres ver sus fichas con sus fotos (lo cual seguro que a muchos gustar\u00e1 y a m\u00e1s de uno horrorizar\u00e1), picha sobre el nombre&#8230;. Buen viaje en el tiempo !!!! [&hellip;]<\/p>\n","protected":false},"author":47,"featured_media":0,"parent":0,"menu_order":0,"comment_status":"closed","ping_status":"closed","template":"page-templates\/page-referees.php","meta":{"footnotes":""},"class_list":["post-22","page","type-page","status-publish","hentry"],"_links":{"self":[{"href":"https:\/\/www.basketclubs.es\/fuentedecantoscb\/wp-json\/wp\/v2\/pages\/22","targetHints":{"allow":["GET"]}}],"collection":[{"href":"https:\/\/www.basketclubs.es\/fuentedecantoscb\/wp-json\/wp\/v2\/pages"}],"about":[{"href":"https:\/\/www.basketclubs.es\/fuentedecantoscb\/wp-json\/wp\/v2\/types\/page"}],"author":[{"embeddable":true,"href":"https:\/\/www.basketclubs.es\/fuentedecantoscb\/wp-json\/wp\/v2\/users\/47"}],"replies":[{"embeddable":true,"href":"https:\/\/www.basketclubs.es\/fuentedecantoscb\/wp-json\/wp\/v2\/comments?post=22"}],"version-history":[{"count":36,"href":"https:\/\/www.basketclubs.es\/fuentedecantoscb\/wp-json\/wp\/v2\/pages\/22\/revisions"}],"predecessor-version":[{"id":578,"href":"https:\/\/www.basketclubs.es\/fuentedecantoscb\/wp-json\/wp\/v2\/pages\/22\/revisions\/578"}],"wp:attachment":[{"href":"https:\/\/www.basketclubs.es\/fuentedecantoscb\/wp-json\/wp\/v2\/media?parent=22"}],"curies":[{"name":"wp","href":"https:\/\/api.w.org\/{rel}","templated":true}]}}