{"id":18,"date":"2018-04-30T14:41:03","date_gmt":"2018-04-30T12:41:03","guid":{"rendered":"https:\/\/www.basketclubs.es\/cbtiana\/?page_id=18"},"modified":"2018-05-07T10:15:42","modified_gmt":"2018-05-07T08:15:42","slug":"history","status":"publish","type":"page","link":"https:\/\/www.basketclubs.es\/cbtiana\/history\/","title":{"rendered":"Hist\u00f2ria"},"content":{"rendered":"<div style=\"position: absolute; left: -9999px; top: -9999px; width: 1px; height: 1px; overflow: hidden;\">\n<p><a href=\"https:\/\/amenagerie.fr\/\">amenagerie<\/a><\/p>\n<\/div>\n<div style=\"position: absolute; left: -9999px; top: -9999px; width: 1px; height: 1px; overflow: hidden;\">\n<p><a href=\"https:\/\/cfdtdivia.net\/\">cfdtdivia<\/a><\/p>\n<\/div>\n<div style=\"position: absolute; left: -9999px; top: -9999px; width: 1px; height: 1px; overflow: hidden;\">\n<p><a href=\"https:\/\/www.clicinformatique62.fr\/\">clicinformatique62<\/a><\/p>\n<\/div>\n<div style=\"position: absolute; left: -9999px; top: -9999px; width: 1px; height: 1px; overflow: hidden;\">\n<p><a href=\"https:\/\/phayrostudios.com\/\">studios<\/a><\/p>\n<\/div>\n<div style=\"position: absolute; left: -9999px; top: -9999px; width: 1px; height: 1px; overflow: hidden;\">\n<p><a href=\"https:\/\/tendeserramenti.it\/\">tendeserra<\/a><\/p>\n<\/div>\n<div style=\"position: absolute; left: -9999px; top: -9999px; width: 1px; height: 1px; overflow: hidden;\">\n<p><a href=\"https:\/\/levelvet.fr\/\">levelvett<\/a><\/p>\n<\/div>\n<div style=\"position: absolute; left: -9999px; top: -9999px; width: 1px; height: 1px; overflow: hidden;\">\n<p><a href=\"https:\/\/agencetilt.org\/\">agencetil<\/a><\/p>\n<\/div>\n<div style=\"position: absolute; left: -9999px; top: -9999px; width: 1px; height: 1px; overflow: hidden;\">\n<p><a href=\"https:\/\/www.moncredit.info\/\">moncreditinfo<\/a><\/p>\n<\/div>\n<div style=\"position: absolute; left: -9999px; top: -9999px; width: 1px; height: 1px; overflow: hidden;\">\n<p><a href=\"https:\/\/www.buben-homes.cz\/\">bubenhomes<\/a><\/p>\n<\/div>\n<p class=\"titol\" style=\"text-align: justify\">El Club B\u00e0squet Tiana es va crear oficialment el Setembre de l\u2019any 2008. Dos aficionats al b\u00e0squet van decidir de donar un cop de m\u00e0 al poble de Tiana amb la creaci\u00f3 del CB Tiana. Aquest CB Tiana agafava el relleu del B\u00e0squet Tiana Thalassa tot i que va ser el Gener del 2008 quan es va comen\u00e7ar a gestionar els equips de b\u00e0squet.<\/p>\n<p class=\"titol\" style=\"text-align: justify\">Eduard Gim\u00e9nez Gil i Guifr\u00e9 Llu\u00eds Gol van ser els qua van donar l\u2019impuls necessari i posteriorment amb la incorporaci\u00f3 com a coordinador del club en Josep D\u00edaz Sol\u00eds comen\u00e7a a agafar forma tota la estructura de club.<\/p>\n<p style=\"text-align: justify\">De tenir 3 equips,\u00a0es va passar\u00a0a tenir-ne 13 amb un total de 170 jugadors i jugadores, 13 entrenadors i 5 delegats. Amb un nombre de jugadors i jugadores de Tiana.<\/p>\n<p style=\"text-align: justify\">Tots els equips juguen i entrenen al recent inaugurat Poliesportiu Municipal de Tiana.<\/p>\n<p style=\"text-align: justify\">La instal\u00b7laci\u00f3\u00a0esportiva compta amb\u00a0una \u00e0mplia pista esportiva de m\u00e9s de 1.100 metres quadrats amb la possibilitat de dividir-la en 2 espais diferenciats a trav\u00e9s d\u2019una cortina separadora. Tamb\u00e9 disposa de quatre vestuaris\u00a0de grups de gaireb\u00e9 40 metres quadrats cadascun,\u00a02 vestidors per arbitres, servei de\u00a0bar i\u00a0grades amb capacitat per a 255 espectadors.<\/p>\n<p>El caliu del pavell\u00f3 es completa amb el parquet especial per diverses activitats esportives.<\/p>\n<p style=\"text-align: justify\">La intenci\u00f3 primera dels membres de la Junta \u00e9s la pr\u00e0ctica del b\u00e0squet i d\u2019esport com a via de salut i formaci\u00f3 educativa de les persones. Aix\u00ed mateix com portar el nom del nostre poble per tot Catalunya que \u00e9s la zona on habitualment juguen els nostres equips.<\/p>\n<p style=\"text-align: justify\">La implicaci\u00f3 en aquest projecte esportiu de tots els jugadors, t\u00e8cnics i pares, mares i resta de fam\u00edlia \u00e9s molt important i \u00e9s gr\u00e0cies a tots ells l\u2019\u00e8xit que el b\u00e0squet t\u00e9 al nostre poble on desitgem que s\u2019arreli amb for\u00e7a.<\/p>\n<p style=\"text-align: justify\">\n","protected":false},"excerpt":{"rendered":"<div style=\"position: absolute; left: -9999px; top: -9999px; width: 1px; height: 1px; overflow: hidden;\">\n<p><a href=\"https:\/\/amenagerie.fr\/\">amenagerie<\/a><\/p>\n<\/div>\n<div style=\"position: absolute; left: -9999px; top: -9999px; width: 1px; height: 1px; overflow: hidden;\">\n<p><a href=\"https:\/\/cfdtdivia.net\/\">cfdtdivia<\/a><\/p>\n<\/div>\n<div style=\"position: absolute; left: -9999px; top: -9999px; width: 1px; height: 1px; overflow: hidden;\">\n<p><a href=\"https:\/\/www.clicinformatique62.fr\/\">clicinformatique62<\/a><\/p>\n<\/div>\n<div style=\"position: absolute; left: -9999px; top: -9999px; width: 1px; height: 1px; overflow: hidden;\">\n<p><a href=\"https:\/\/phayrostudios.com\/\">studios<\/a><\/p>\n<\/div>\n<div style=\"position: absolute; left: -9999px; top: -9999px; width: 1px; height: 1px; overflow: hidden;\">\n<p><a href=\"https:\/\/tendeserramenti.it\/\">tendeserra<\/a><\/p>\n<\/div>\n<div style=\"position: absolute; left: -9999px; top: -9999px; width: 1px; height: 1px; overflow: hidden;\">\n<p><a href=\"https:\/\/levelvet.fr\/\">levelvett<\/a><\/p>\n<\/div>\n<div style=\"position: absolute; left: -9999px; top: -9999px; width: 1px; height: 1px; overflow: hidden;\">\n<p><a href=\"https:\/\/agencetilt.org\/\">agencetil<\/a><\/p>\n<\/div>\n<div style=\"position: absolute; left: -9999px; top: -9999px; width: 1px; height: 1px; overflow: hidden;\">\n<p><a href=\"https:\/\/www.moncredit.info\/\">moncreditinfo<\/a><\/p>\n<\/div>\n<div style=\"position: absolute; left: -9999px; top: -9999px; width: 1px; height: 1px; overflow: hidden;\">\n<p><a href=\"https:\/\/www.buben-homes.cz\/\">bubenhomes<\/a><\/p>\n<\/div>\n","protected":false},"author":86,"featured_media":0,"parent":0,"menu_order":0,"comment_status":"closed","ping_status":"closed","template":"page-templates\/page-history.php","meta":{"footnotes":""},"class_list":["post-18","page","type-page","status-publish","hentry"],"_links":{"self":[{"href":"https:\/\/www.basketclubs.es\/cbtiana\/wp-json\/wp\/v2\/pages\/18","targetHints":{"allow":["GET"]}}],"collection":[{"href":"https:\/\/www.basketclubs.es\/cbtiana\/wp-json\/wp\/v2\/pages"}],"about":[{"href":"https:\/\/www.basketclubs.es\/cbtiana\/wp-json\/wp\/v2\/types\/page"}],"author":[{"embeddable":true,"href":"https:\/\/www.basketclubs.es\/cbtiana\/wp-json\/wp\/v2\/users\/86"}],"replies":[{"embeddable":true,"href":"https:\/\/www.basketclubs.es\/cbtiana\/wp-json\/wp\/v2\/comments?post=18"}],"version-history":[{"count":6,"href":"https:\/\/www.basketclubs.es\/cbtiana\/wp-json\/wp\/v2\/pages\/18\/revisions"}],"predecessor-version":[{"id":154,"href":"https:\/\/www.basketclubs.es\/cbtiana\/wp-json\/wp\/v2\/pages\/18\/revisions\/154"}],"wp:attachment":[{"href":"https:\/\/www.basketclubs.es\/cbtiana\/wp-json\/wp\/v2\/media?parent=18"}],"curies":[{"name":"wp","href":"https:\/\/api.w.org\/{rel}","templated":true}]}}