{"id":27,"date":"2020-04-22T20:06:11","date_gmt":"2020-04-22T18:06:11","guid":{"rendered":"https:\/\/www.basketclubs.es\/cbparadas\/?page_id=27"},"modified":"2020-04-24T11:24:38","modified_gmt":"2020-04-24T09:24:38","slug":"the-club-3","status":"publish","type":"page","link":"https:\/\/www.basketclubs.es\/cbparadas\/the-club-3\/","title":{"rendered":"Proyecto deportivo"},"content":{"rendered":"<p>Actividad deportiva desarrollada por parte del club en nuestra localidad:<\/p>\n<ul>\n<li><a href=\"https:\/\/www.basketclubs.es\/cbparadas\/wp-content\/uploads\/sites\/170\/2020\/04\/Proyecto-Deportivo-C.B.-Paradas.pdf\" target=\"_blank\" rel=\"noopener\">Proyecto Deportivo C.B. Paradas: Escuela Deportiva.<\/a><\/li>\n<li>Organizaci\u00f3n de ligas 3&#215;3 en verano.<\/li>\n<li>Colaboraci\u00f3n con el <a href=\"http:\/\/www.paradas.es\/es\/\" target=\"_blank\" rel=\"noopener\">Ayuntamiento de Paradas<\/a> en la organizaci\u00f3n de eventos deportivos.<\/li>\n<li>Participaci\u00f3n en ligas provinciales federadas (<a href=\"https:\/\/www.andaluzabaloncesto.org\/sevilla\/\" target=\"_blank\" rel=\"noopener\">FAB Sevilla<\/a>).<\/li>\n<\/ul>\n","protected":false},"excerpt":{"rendered":"<p>Actividad deportiva desarrollada por parte del club en nuestra localidad: Proyecto Deportivo C.B. Paradas: Escuela Deportiva. Organizaci\u00f3n de ligas 3&#215;3 en verano. Colaboraci\u00f3n con el Ayuntamiento de Paradas en la organizaci\u00f3n de eventos deportivos. Participaci\u00f3n en ligas provinciales federadas (FAB Sevilla).<\/p>\n","protected":false},"author":172,"featured_media":0,"parent":0,"menu_order":0,"comment_status":"closed","ping_status":"closed","template":"page-templates\/page-free.php","meta":{"footnotes":""},"class_list":["post-27","page","type-page","status-publish","hentry"],"_links":{"self":[{"href":"https:\/\/www.basketclubs.es\/cbparadas\/wp-json\/wp\/v2\/pages\/27","targetHints":{"allow":["GET"]}}],"collection":[{"href":"https:\/\/www.basketclubs.es\/cbparadas\/wp-json\/wp\/v2\/pages"}],"about":[{"href":"https:\/\/www.basketclubs.es\/cbparadas\/wp-json\/wp\/v2\/types\/page"}],"author":[{"embeddable":true,"href":"https:\/\/www.basketclubs.es\/cbparadas\/wp-json\/wp\/v2\/users\/172"}],"replies":[{"embeddable":true,"href":"https:\/\/www.basketclubs.es\/cbparadas\/wp-json\/wp\/v2\/comments?post=27"}],"version-history":[{"count":13,"href":"https:\/\/www.basketclubs.es\/cbparadas\/wp-json\/wp\/v2\/pages\/27\/revisions"}],"predecessor-version":[{"id":244,"href":"https:\/\/www.basketclubs.es\/cbparadas\/wp-json\/wp\/v2\/pages\/27\/revisions\/244"}],"wp:attachment":[{"href":"https:\/\/www.basketclubs.es\/cbparadas\/wp-json\/wp\/v2\/media?parent=27"}],"curies":[{"name":"wp","href":"https:\/\/api.w.org\/{rel}","templated":true}]}}