{"id":41,"date":"2017-04-16T18:29:02","date_gmt":"2017-04-16T16:29:02","guid":{"rendered":"https:\/\/www.basketclubs.es\/adlegamo\/?page_id=41"},"modified":"2019-06-10T15:27:17","modified_gmt":"2019-06-10T13:27:17","slug":"contact","status":"publish","type":"page","link":"https:\/\/www.basketclubs.es\/adlegamo\/contact\/","title":{"rendered":"Contacto"},"content":{"rendered":"<p style=\"text-align: justify\"><strong>INSCRIPCIONES<\/strong> : para unirte a nuestra Agrupaci\u00f3n, bien sea como entrenador o como jugador, \u00a0env\u00eda un e-mail a\u00a0 <b><i>secretariaadlegamo@gmail.com<\/i><\/b>\u00a0o rellena el formulario de inscripci\u00f3n.<\/p>\n<p style=\"text-align: justify\"><strong>TESORER\u00cdA <\/strong>: para consultas relacionadas con la cuota o cualquier otra duda econ\u00f3mica \u00a0env\u00eda un e-mail a\u00a0<em><strong>tesoreria@adlegamo.com<\/strong><\/em>.<\/p>\n<p style=\"text-align: justify\"><strong>WEB Y REDES SOCIALES\u00a0<\/strong>: para cualquier tema, comentario o sugerencia relacionado con los contenidos de la web y las redes sociales env\u00eda un e-mail a\u00a0<em><strong>web@adlegamo.com<\/strong><\/em>.<\/p>\n<p style=\"text-align: justify\"><strong>MATERIAL Y EQUIPACIONES<\/strong> : para consultas relacionadas con el material y las equipaciones deportivas env\u00eda un e-mail a\u00a0<em><strong>equipacion@adlegamo.com<\/strong><\/em>.<\/p>\n<p style=\"text-align: justify\"><strong>OTRAS CONSULTAS<\/strong> : si tienes cualquier otro tema sobre el que quieras consultarnos env\u00eda un e-mail a <strong><em>directiva@adlegamo.com<\/em><\/strong>.<\/p>\n<p style=\"text-align: justify\">Tambi\u00e9n puedes ponerte en contacto con nosotros a trav\u00e9s de\u00a0<a href=\"https:\/\/www.facebook.com\/adlegamo\/\" target=\"_blank\" rel=\"noopener\">Facebook<\/a>,\u00a0<a href=\"https:\/\/twitter.com\/adlegamo\" target=\"_blank\" rel=\"noopener\">Twitter<\/a>\u00a0o\u00a0<a href=\"https:\/\/www.instagram.com\/adlegamo\/\" target=\"_blank\" rel=\"noopener\">Instagram<\/a>.<\/p>\n","protected":false},"excerpt":{"rendered":"<p>INSCRIPCIONES : para unirte a nuestra Agrupaci\u00f3n, bien sea como entrenador o como jugador, \u00a0env\u00eda un e-mail a\u00a0 secretariaadlegamo@gmail.com\u00a0o rellena el formulario de inscripci\u00f3n. TESORER\u00cdA : para consultas relacionadas con la cuota o cualquier otra duda econ\u00f3mica \u00a0env\u00eda un e-mail a\u00a0tesoreria@adlegamo.com. WEB Y REDES SOCIALES\u00a0: para cualquier tema, comentario o sugerencia relacionado con los contenidos [&hellip;]<\/p>\n","protected":false},"author":35,"featured_media":0,"parent":0,"menu_order":0,"comment_status":"closed","ping_status":"closed","template":"page-templates\/page-contact.php","meta":{"footnotes":""},"class_list":["post-41","page","type-page","status-publish","hentry"],"_links":{"self":[{"href":"https:\/\/www.basketclubs.es\/adlegamo\/wp-json\/wp\/v2\/pages\/41","targetHints":{"allow":["GET"]}}],"collection":[{"href":"https:\/\/www.basketclubs.es\/adlegamo\/wp-json\/wp\/v2\/pages"}],"about":[{"href":"https:\/\/www.basketclubs.es\/adlegamo\/wp-json\/wp\/v2\/types\/page"}],"author":[{"embeddable":true,"href":"https:\/\/www.basketclubs.es\/adlegamo\/wp-json\/wp\/v2\/users\/35"}],"replies":[{"embeddable":true,"href":"https:\/\/www.basketclubs.es\/adlegamo\/wp-json\/wp\/v2\/comments?post=41"}],"version-history":[{"count":28,"href":"https:\/\/www.basketclubs.es\/adlegamo\/wp-json\/wp\/v2\/pages\/41\/revisions"}],"predecessor-version":[{"id":1764,"href":"https:\/\/www.basketclubs.es\/adlegamo\/wp-json\/wp\/v2\/pages\/41\/revisions\/1764"}],"wp:attachment":[{"href":"https:\/\/www.basketclubs.es\/adlegamo\/wp-json\/wp\/v2\/media?parent=41"}],"curies":[{"name":"wp","href":"https:\/\/api.w.org\/{rel}","templated":true}]}}